{"id":8868,"date":"2024-04-16T11:36:26","date_gmt":"2024-04-16T11:36:26","guid":{"rendered":"https:\/\/hypnosmusicproject.es\/?post_type=product&#038;p=8868"},"modified":"2024-10-07T00:21:02","modified_gmt":"2024-10-07T00:21:02","slug":"astter-cenizas","status":"publish","type":"product","link":"https:\/\/hypnosmusicproject.es\/index.php\/producto\/astter-cenizas\/","title":{"rendered":"Astter-Cenizas (CD)"},"content":{"rendered":"<p>Cenizas, primer EP de la banda Astter, es un viaje a lo m\u00e1s oscuro de la mente humana.<\/p>\n<p>Astter quiere, con este Ep, darle voz a todas esas personas que sufren en silencio la peor de las enfermedades, aquellas que no se ven y son silenciadas por la sociedad, las enfermedades mentales. Ansiedad, depresi\u00f3n, esquizofrenia son plasmadas a trav\u00e9s de la visi\u00f3n y vivencias de Bianca, que vuelca su alma en cada canci\u00f3n.<\/p>\n","protected":false},"excerpt":{"rendered":"<p>Primer EP de la banda Astter, que debutan dej\u00e1ndonos un trabajo que promete dar mucho que hablar.<\/p>\n","protected":false},"featured_media":8871,"template":"","meta":[],"product_cat":[45],"product_tag":[],"class_list":{"0":"post-8868","1":"product","2":"type-product","3":"status-publish","4":"has-post-thumbnail","6":"product_cat-musica","8":"first","9":"instock","10":"shipping-taxable","11":"purchasable","12":"product-type-simple"},"_links":{"self":[{"href":"https:\/\/hypnosmusicproject.es\/index.php\/wp-json\/wp\/v2\/product\/8868"}],"collection":[{"href":"https:\/\/hypnosmusicproject.es\/index.php\/wp-json\/wp\/v2\/product"}],"about":[{"href":"https:\/\/hypnosmusicproject.es\/index.php\/wp-json\/wp\/v2\/types\/product"}],"wp:featuredmedia":[{"embeddable":true,"href":"https:\/\/hypnosmusicproject.es\/index.php\/wp-json\/wp\/v2\/media\/8871"}],"wp:attachment":[{"href":"https:\/\/hypnosmusicproject.es\/index.php\/wp-json\/wp\/v2\/media?parent=8868"}],"wp:term":[{"taxonomy":"product_cat","embeddable":true,"href":"https:\/\/hypnosmusicproject.es\/index.php\/wp-json\/wp\/v2\/product_cat?post=8868"},{"taxonomy":"product_tag","embeddable":true,"href":"https:\/\/hypnosmusicproject.es\/index.php\/wp-json\/wp\/v2\/product_tag?post=8868"}],"curies":[{"name":"wp","href":"https:\/\/api.w.org\/{rel}","templated":true}]}}